inder when 1041 is divided by 94?
7
Calculate the remainder when 6551 is divided by 24.
23
What is the remainder when 485 is divided by 134?
83
Calculate the remainder when 16 is divided by 14.
2
What is the remainder when 1199 is divided by 67?
60
What is the remainder when 37 is divided by 4?
1
What is the remainder when 584 is divided by 39?
38
Calculate the remainder when 797 is divided by 20.
17
What is the remainder when 53 is divided by 39?
14
Calculate the remainder when 18 is divided by 9.
0
What is the remainder when 43 is divided by 17?
9
What is the remainder when 79 is divided by 33?
13
What is the remainder when 2760 is divided by 918?
6
Calculate the remainder when 20 is divided by 15.
5
Calculate the remainder when 94 is divided by 20.
14
Calculate the remainder when 47 is divided by 11.
3
What is the remainder when 2292 is divided by 56?
52
What is the remainder when 239 is divided by 78?
5
What is the remainder when 15023 is divided by 133?
127
What is the remainder when 964 is divided by 917?
47
What is the remainder when 7538 is divided by 39?
11
Calculate the remainder when 743 is divided by 49.
8
What is the remainder when 25 is divided by 16?
9
What is the remainder when 358 is divided by 11?
6
Calculate the remainder when 3731 is divided by 922.
43
Calculate the remainder when 35 is divided by 12.
11
What is the remainder when 278 is divided by 127?
24
Calculate the remainder when 65 is divided by 14.
9
What is the remainder when 1038 is divided by 344?
6
Calculate the remainder when 656 is divided by 68.
44
What is the remainder when 9734 is divided by 4862?
10
Calculate the remainder when 351 is divided by 120.
111
Calculate the remainder when 347 is divided by 91.
74
Calculate the remainder when 1299 is divided by 10.
9
Calculate the remainder when 224 is divided by 45.
44
Calculate the remainder when 1621 is divided by 146.
15
Calculate the remainder when 1486 is divided by 7.
2
What is the remainder when 85 is divided by 61?
24
What is the remainder when 242 is divided by 118?
6
What is the remainder when 2032 is divided by 204?
196
What is the remainder when 660 is divided by 109?
6
Calculate the remainder when 39 is divided by 8.
7
What is the remainder when 444 is divided by 21?
3
Calculate the remainder when 2456 is divided by 26.
12
What is the remainder when 364 is divided by 312?
52
Calculate the remainder when 43 is divided by 14.
1
Calculate the remainder when 430 is divided by 54.
52
What is the remainder when 174 is divided by 45?
39
Calculate the remainder when 1831 is divided by 262.
259
Calculate the remainder when 1835 is divided by 12.
11
Calculate the remainder when 60 is divided by 31.
29
Calculate the remainder when 5925 is divided by 138.
129
What is the remainder when 233 is divided by 87?
59
Calculate the remainder when 368 is divided by 100.
68
What is the remainder when 1221 is divided by 26?
25
Calculate the remainder when 1613 is divided by 11.
7
Calculate the remainder when 730 is divided by 123.
115
Calculate the remainder when 564 is divided by 24.
12
Calculate the remainder when 77 is divided by 12.
5
Calculate the remainder when 331 is divided by 14.
9
What is the remainder when 417 is divided by 38?
37
What is the remainder when 142 is divided by 36?
34
What is the remainder when 3473 is divided by 867?
5
Calculate the remainder when 62 is divided by 30.
2
What is the remainder when 58 is divided by 4?
2
What is the remainder when 598 is divided by 20?
18
Calculate the remainder when 152 is divided by 19.
0
What is the remainder when 837 is divided by 60?
57
What is the remainder when 154 is divided by 18?
10
Calculate the remainder when 492 is divided by 50.
42
What is the remainder when 129 is divided by 44?
41
Calculate the remainder when 1224 is divided by 79.
39
Calculate the remainder when 1442 is divided by 104.
90
What is the remainder when 508 is divided by 85?
83
What is the remainder when 14171 is divided by 105?
101
What is the remainder when 1127 is divided by 374?
5
What is the remainder when 747 is divided by 150?
147
What is the remainder when 363 is divided by 29?
15
Calculate the remainder when 471 is divided by 40.
31
What is the remainder when 38432 is divided by 23?
22
Calculate the remainder when 291 is divided by 66.
27
What is the remainder when 1613 is divided by 125?
113
What is the remainder when 134 is divided by 45?
44
What is the remainder when 106 is divided by 5?
1
What is the remainder when 470 is divided by 57?
14
What is the remainder when 65 is divided by 11?
10
What is the remainder when 370 is divided by 22?
18
What is the remainder when 115 is divided by 25?
15
What is the remainder when 38 is divided by 14?
10
What is the remainder when 43 is divided by 8?
3
What is the remainder when 1957 is divided by 63?
4
What is the remainder when 1385 is divided by 18?
17
Calculate the remainder when 186 is divided by 46.
2
Calculate the remainder when 96 is divided by 57.
39
Calculate the remainder when 487 is divided by 19.
12
Calculate the remainder when 158 is divided by 43.
29
Calculate the remainder when 1561 is divided by 35.
21
Calculate the remainder when 232 is divided by 34.
28
Calculate the remainder when 18904 is divided by 191.
186
What is the remainder when 106 is divided by 6?
4
What is the remainder when 68 is divided by 35?
33
What is the remainder when 620 is divided by 34?
8
Calculate the remainder when 127 is divided by 64.
63
Calculate the remainder when 143 is divided by 40.
23
What is the remainder when 56 is divided by 19?
18
Calculate the remainder when 756 is divided by 95.
91
What is the remainder when 5203 is divided by 79?
68
Calculate the remainder when 430 is divided by 72.
70
What is the remainder when 152 is divided by 52?
48
What is the remainder when 13821 is divided by 32?
29
What is the remainder when 3446 is divided by 29?
24
What is the remainder when 1578 is divided by 28?
10
What is the remainder when 1080 is divided by 186?
150
What is the remainder when 278 is divided by 3?
2
What is the remainder when 21 is divided by 4?
1
What is the remainder when 338 is divided by 9?
5
What is the remainder when 1455 is divided by 182?
181
Calculate the remainder when 402 is divided by 48.
18
Calculate the remainder when 88 is divided by 45.
43
Calculate the remainder when 1545 is divided by 119.
117
Calculate the remainder when 4817 is divided by 61.
59
Calculate the remainder when 1988 is divided by 39.
38
What is the remainder when 1093 is divided by 179?
19
What is the remainder when 274 is divided by 17?
2
What is the remainder when 1266 is divided by 51?
42
Calculate the remainder when 427 is divided by 27.
22
What is the remainder when 129 is divided by 13?
12
What is the remainder when 7254 is divided by 19?
15
What is the remainder when 96 is divided by 45?
6
What is the remainder when 769 is divided by 8?
1
What is the remainder when 120 is divided by 60?
0
Calculate the remainder when 691 is divided by 680.
11
What is the remainder when 7412 is divided by 2468?
8
Calculate the remainder when 4025 is divided by 144.
137
What is the remainder when 119 is divided by 24?
23
Calculate the remainder when 221 is divided by 7.
4
What is the remainder when 156 is divided by 76?
4
What is the remainder when 1480 is divided by 10?
0
Calculate the remainder when 3910 is divided by 245.
235
Calculate the remainder when 205 is divided by 127.
78
What is the remainder when 1749 is divided by 145?
9
Calculate the remainder when 238 is divided by 63.
49
What is the remainder when 695 is divided by 114?
11
Calculate the remainder when 567 is divided by 38.
35
Calculate the remainder when 1183 is divided by 21.
7
What is the remainder when 1174 is divided by 160?
54
Calculate the remainder when 2260 is divided by 17.
16
What is the remainder when 206 is divided by 19?
16
Calculate the remainder when 379 is divided by 135.
109
What is the remainder when 926 is divided by 62?
58
Calculate the remainder when 1721 is divided by 564.
29
Calculate the remainder when 6228 is divided by 29.
22
Calculate the remainder when 13681 is divided by 44.
41
Calculate the remainder when 38 is divided by 11.
5
What is the remainder when 1742 is d